a(j) = j + 138. Let v be a(0). Let y = v - 112. What are the prime factors of y?
2, 13
Suppose -t + 91 + 38 = 0. Suppose -o = 5*i + t, -2*o + 2*i - 102 = 180. Let a = -66 - o. What are the prime factors of a?
73
Let w = -6 + 9. Suppose 2*u - w*u + 3*r - 7 = 0, 2*u - r = -9. Let g(p) = p**3 + 6*p**2 + 3*p + 4. List the prime factors of g(u).
2, 3
Let v be 1 - 34*(-2)/4. Let l = v - 39. What are the prime factors of 6/l - 596/(-28)?
3, 7
Let x(g) = -g + 9. Let h be x(1). Suppose -h*q + 558 = 198. List the prime factors of q.
3, 5
Suppose 0 = 5*v - v - 5*z - 4564, 0 = -z. List the prime factors of v.
7, 163
Let b(x) = 0*x + 3*x + 122 - 2*x - 138. Let u be b(10). Let l(j) = 2*j**2 + 8*j + 8. What are the prime factors of l(u)?
2
Let c be (-2)/((-4)/230) - -1. Let g = c - 57. Let t = g - 40. What are the prime factors of t?
19
What are the prime factors of 8891/3 - (-308)/231?
5, 593
Suppose 4*z - 5369 = -5*u + 3582, 4*u + 2*z - 7162 = 0. List the prime factors of u.
3, 199
Let x(q) = -q**3 - 3*q**2 + 5*q + 32. List the prime factors of x(-9).
11, 43
Let h = -4 + 7. Suppose 18*k - 1 = -1. Suppose k*b + 18 = h*b. What are the prime factors of b?
2, 3
Suppose 4*y = 3*a + 72, 3*y - 18 = -4*a + 11. Suppose 5*v + 0 = y. Suppose v*z - c = 102, -2*z + 0*z + 69 = -c. What are the prime factors of z?
3, 11
Let s(h) = 4*h + 33. Let i be s(-9). Let m(u) = -2 + 5 + 4*u + 2*u**2 - 2. What are the prime factors of m(i)?
7
Let i = -164 + 214. Suppose 5*b - 315 = i. List the prime factors of b.
73
Let o be 7/21*(-6)/(-1). Suppose c = 5, 3*c = o*x - 0*x - 9. Suppose 4*q + q + 4*n = 24, 4*q + 5*n - x = 0. What are the prime factors of q?
2
Let k(a) be the first derivative of -7*a**2/2 - a + 2. Let t be k(-1). Let v(s) = 4*s - 19. What are the prime factors of v(t)?
5
Suppose -4*o = -5*o + 84. Let m = o + -45. List the prime factors of m.
3, 13
Suppose -3*g + 1789 = 7. List the prime factors of g.
2, 3, 11
Suppose 3*y - 5*y + 4 = 0. Suppose -4*b - 94 = y. Let l = -7 - b. List the prime factors of l.
17
Let s(f) = 4*f + 171. Let k be s(0). Suppose -k = -3*i + 204. What are the prime factors of i?
5
Let d(u) be the third derivative of u**5/60 + 41*u**3/6 - 3*u**2. Let o be d(0). Let t = o - 14. What are the prime factors of t?
3
What are the prime factors of (-7)/(42/(-3366)) + -1 + 0?
2, 5, 7
Let b(m) = 173*m**3 - m**2 + 4*m - 3. Let h = 44 + -43. List the prime factors of b(h).
173
Let p(n) = -n**3 + 11*n**2 - 3*n - 6. Let c be p(9). What are the prime factors of c*1/3*3?
3, 43
Let s(l) = -4*l + 12. Let y(z) = z**2 - 17*z - 4. Let p be y(17). What are the prime factors of s(p)?
2, 7
Let l = 5 - 0. Suppose -16*b + 13*b + 180 = 0. Suppose b = -f + l*f. What are the prime factors of f?
3, 5
Let t(l) = 2*l + 6. Suppose b = 3*b - 4*i + 2, 0 = 4*i + 4. Let f be t(b). Suppose -4*j + 21 + 23 = f. What are the prime factors of j?
11
Let j(w) = -9*w - 3. Let x(z) = -z**2 - 5*z + 1. Let q be x(-5). Let a be j(q). Let d(b) = -b**2 - 15*b + 12. What are the prime factors of d(a)?
2, 3
Let f = -704 - -2697. What are the prime factors of f?
1993
Suppose -20468 = -16*p + 3948. What are the prime factors of p?
2, 7, 109
Let t = 22 - 28. Let x be 192/t - (2 + 1). Let v = x + 51. List the prime factors of v.
2
Suppose 0 = -3*i - 3*t - t + 45, 2*i + t - 25 = 0. Let k(f) = f**3 - 10*f**2 - 3*f - 1. What are the prime factors of k(i)?
3, 29
List the prime factors of 4 - (2 + -1)/((-2)/338).
173
Let j = -26 - -26. Suppose j = 4*q - 48 - 12. List the prime factors of q.
3, 5
Suppose -8 + 20 = -3*n, -3*f - 3*n = 9. Let j = f - -54. What are the prime factors of j?
5, 11
Let h(p) = -4 + 3*p**2 + p**2 - 3*p**2 - 5*p. Let u be h(6). Suppose u*x = x + 32. List the prime factors of x.
2
Let k = -15 + 22. Let h(x) = x**3 - 7*x**2 + 3*x + 8. What are the prime factors of h(k)?
29
Suppose -5*p - 19 = -4*j, -2*p + 6 = 3*j - 3*p. Let a = j + -11. Let c = 0 - a. List the prime factors of c.
2, 5
Let o be (0 + 2/(-6))/(5/(-780)). Suppose -102 = -o*r + 50*r. List the prime factors of r.
3, 17
Suppose -73*c + 74*c - 251 = 0. List the prime factors of c.
251
Suppose 2*t - 18 = -10. Suppose 5*l = 201 + t. List the prime factors of l.
41
What are the prime factors of 549*1 + (-9 - -12)?
2, 3, 23
Let k(y) = -47*y**2 + y + 5. Let h(u) = 70*u**2 - 2*u - 8. Let g(x) = 5*h(x) + 7*k(x). List the prime factors of g(-2).
5, 17
Suppose -g + 3*n - 3 + 0 = 0, 3*n = -3*g + 15. Let l be 2/7 - 838/(-7). Suppose -2*y = g*y - l. List the prime factors of y.
2, 3
What are the prime factors of ((-55287)/12)/(9/(-12))?
6143
List the prime factors of 621/4 - 81/(-108).
2, 3, 13
Let y(m) = -m**2 - 29*m - 9. What are the prime factors of y(-11)?
3, 7
Let d = -5 + 8. Suppose t - 45 + 1 = d*a, -107 = -3*t + 4*a. What are the prime factors of t?
29
Let z(f) = 9*f**2 + 138*f + 64. List the prime factors of z(-22).
2, 173
Let f(h) = 2*h**2 - 9*h + 10. Let c(z) = -z + 32. Let g be c(26). List the prime factors of f(g).
2, 7
Let i = 686 - 180. Let l = 838 - i. List the prime factors of l.
2, 83
Suppose 20 = 2*m + 4*i - 4, -4*m + 2*i - 2 = 0. Suppose 4*g - m*w + 28 = -140, -180 = 4*g - 5*w. Let c = 63 + g. What are the prime factors of c?
23
Suppose 0 = 12*j - 9*j - 2*p - 483, p = 5*j - 798. What are the prime factors of j?
3, 53
Suppose 4*x = 4*s + 280, 0 = 6*x - x - 5. Suppose 5*h + 39 = -5*l - 61, 0 = 3*h + 4*l + 64. Let r = h - s. What are the prime factors of r?
53
Suppose -3 = -2*y + 5. Let r = y - 1. Suppose r*d = 8 + 1. What are the prime factors of d?
3
Let n = -31 + 18. Let v(d) = -d**3 - 13*d**2 - d - 11. Let g be v(n). Suppose -g*p + r = -p - 20, p + 4*r = 20. List the prime factors of p.
2, 5
Let w = -3 + 18. Let v = w - 10. Suppose 0 = v*z - 2*z + 5*x - 31, -4*x = 3*z - 26. List the prime factors of z.
2
Let j(w) = -w - 15. Let s be j(-9). Let v be 2/6*0/s. Suppose -h + 30 - 7 = v. What are the prime factors of h?
23
Let o(b) = -2*b**2 - 25*b - 8. Let g(h) = -h**3 + 21*h**2 - 19*h - 30. Let f be g(20). List the prime factors of o(f).
2, 3, 7
Let p = -47 + 159. Suppose -5*x + p = -58. What are the prime factors of x?
2, 17
Let g = -766 + 1532. List the prime factors of g.
2, 383
Suppose 18 = b - 3*z, 1 + 5 = -3*z. Suppose -2*c = c + r - b, -r = 0. List the prime factors of c.
2
Suppose -18*n + 25858 = -12986. What are the prime factors of n?
2, 13, 83
Suppose 6*n - 3*d = 22014, -7*n - d = -2*n - 18352. What are the prime factors of n?
2, 5, 367
List the prime factors of (75/(-50))/((-1)/1452).
2, 3, 11
Suppose 0 = -5*b - 2*v - 7, 6*v - 8*v + 2 = -4*b. List the prime factors of -2 + b*-15*3.
43
Suppose -47 = -8*t - 15. Suppose -2*h + 34 = -3*i + 5*i, 0 = 4*h - 3*i - 96. Suppose 1 = -r + t*g + h, 0 = -2*r + 5*g + 28. What are the prime factors of r?
2
Let m(d) be the third derivative of -d**6/60 - d**5/20 - d**4/24 - d**3/6 - 16*d**2. Let a = -18 - -16. What are the prime factors of m(a)?
5
Let w(u) = -6*u + 0*u**2 - 1 - u**2 + 11. Let k be w(-7). Suppose 39 = g - 2*s + 5*s, 0 = -5*g + k*s + 213. List the prime factors of g.
2, 3, 7
Suppose 0 = -12*q - 14*q + 11102. What are the prime factors of q?
7, 61
Let n = -74 + 40. Let y = 63 + n. Suppose -l - 16 = -y. What are the prime factors of l?
13
Let i = 5 + -3. Suppose d - i*s - 3*s - 12 = 0, 4*d - 12 = 2*s. Suppose -24 = d*x - 5*x. What are the prime factors of x?
2
Suppose 0*a - a + 3 = -s, s = 3*a - 17. Suppose 0 = 12*w - a*w - 485. What are the prime factors of w?
97
Suppose 5*r - 8286 = w, 4*r - 9*r + 8310 = 5*w. List the prime factors of r.
2, 829
Let i = -2098 + 2706. List the prime factors of i.
2, 19
Suppose -136*f = -124*f - 21888. What are the prime factors of f?
2, 3, 19
Suppose 3*s - s - 10 = 0. Let i(p) = 2*p**2 - 3*p - p - p - p - 3. What are the prime factors of i(s)?
17
Let l = 1914 - 979. List the prime factors of l.
5, 11, 17
Suppose 26 = 5*o + 2*z - 1, o - 2 = 3*z. Suppose -5*j - 21 = -4*v, o*v = 3*j - 1 + 24. List the prime factors of v/10 - 339/(-15).
23
Let k = -1 + 6. Suppose -5*y + 29 = 4*i, 5*y - 17 = -3*i + 11. Suppose -x - 90 = -y*c, -4*c - c - k*x = -90. What are the prime factors of c?
2, 3
Let c(p) = 3*p**2 + 7*p + 19. List the prime factors of c(-5).
59
Let o = -212 - -318. Let v = 163 - o. List the prime factors of v.
3, 19
Let n(a) = 2*a**